- 27*m - 78. What is the hundreds digit of c(-16)?
1
Let z(x) = 51*x - 219. What is the hundreds digit of z(18)?
6
Let c = 6643 - 4435. What is the units digit of c?
8
What is the hundreds digit of (549/(-6))/((-4)/4)*4?
3
Let a be ((-65)/26)/((-5)/12). Let l(z) = -2*z + 1 + 78*z**3 + a*z - 77*z**3 - z + 8*z**2. What is the units digit of l(-7)?
9
Let x(h) = -3*h**2 - 23*h + 26. Let n be x(-11). Let k be ((-121)/(-3))/((-1)/(-3)). Let s = n + k. What is the units digit of s?
7
Let w be (2*(-3)/2)/(-1). Suppose -w*r + 38 = 2. What is the units digit of (-4)/3*(-27)/r?
3
Suppose -261*m + 257*m = -736. What is the units digit of m?
4
Let f = -307 + 1558. What is the thousands digit of f?
1
Suppose -3*i + 3 = -6, 4*s + 5*i - 1547 = 0. What is the units digit of s?
3
Suppose 6*q - 11*q - 95 = 0. Let m = 22 + q. Suppose m*n - 3*w - 74 = 37, -3*w + 141 = 3*n. What is the units digit of n?
2
Suppose 6*r - 16 = 14. Let g = 4 + r. What is the units digit of g?
9
Let y(r) = r**3 + 4*r**2 - 4*r + 2. Let a be y(-4). Suppose a*m - 14*m - 8 = 0. Suppose m*s - 10 - 44 = 0. What is the tens digit of s?
2
Suppose 2*a - 81 - 153 = 0. Let m = 81 - a. What is the units digit of 4/(-18) + (-656)/m?
8
Suppose 0 = 4*n - 150 - 1554. What is the units digit of n?
6
Let w be (11/4)/(3/60 - 0). Suppose i - 78 = w. What is the tens digit of i?
3
Suppose 9*m - 205 = 101. Let k = 17 - 34. Let j = m + k. What is the units digit of j?
7
Suppose 20404 = -79*j + 84*j + 2*o, 3*o + 8173 = 2*j. What is the tens digit of j?
8
Suppose -71 = -w + 14. Suppose 0 = -6*y + 343 - w. What is the tens digit of y?
4
Let i = 4 - 4. Let f(k) = -k**2. Let a be f(i). Suppose -2*u + 31 = 3*j, -3*j + a*u - 4*u + 23 = 0. What is the tens digit of j?
1
Suppose 18 = -5*l + y, 3*l = -2*l - 5*y. Let n be 1/(-2 + 74/36). Let t = l + n. What is the units digit of t?
5
Suppose 0 = -26*q + 21*q - 60. Let n(r) = -r**3 - 11*r**2 + 17. What is the tens digit of n(q)?
6
Let c = -240 + 364. Suppose 29*m = 26*m + 18. What is the units digit of (-4)/6 + c/m?
0
Let w = 22 + -20. Suppose 4 = -2*o + w. What is the tens digit of o/(2*(-2)/128)?
3
Suppose x - 3*l - 10018 = -3*x, 4*x + 2*l = 10028. What is the units digit of x?
6
Let l = 62 - -659. What is the units digit of l?
1
Suppose -3*w + 863 = 2*g, 6*g - 3*w = 2*g + 1753. What is the units digit of g?
6
Let w(x) = -x**2 + 7*x + 8. Suppose 3*k = -16 + 37. Let m be w(k). Let n(f) = -f**2 + 11*f - 6. What is the tens digit of n(m)?
1
Let z be 2/9 + (-1738)/(-198). Suppose 7*c - z*c = 186. Let h = -58 - c. What is the units digit of h?
5
What is the tens digit of 2238/2 - (30 - 21)?
1
Let c = 28 - 131. Let u = 156 + c. What is the units digit of u?
3
Suppose -16 = d - 85. What is the units digit of d - 6/(-6)*(2 - 0)?
1
Let j = 450 + -374. What is the tens digit of j?
7
Suppose -20*n = -28*n + 40. Suppose p + 0*p + 2*y = 227, -637 = -3*p + n*y. What is the tens digit of p?
1
Suppose -22*p + 19*p = -5751. What is the hundreds digit of p?
9
Suppose 0 = 3*l + 3, -l + 6*l = -5*q + 94765. What is the tens digit of q/182 - 1/7?
0
Let h = 137 + -40. Let p = h + -25. What is the tens digit of p?
7
Suppose i + 5*f + 2 = -8, 4 = i - 2*f. Suppose 9*c - 61 = -16. Suppose -12 = 4*s, -h - c*s - 13 = -i*h. What is the units digit of h?
2
What is the hundreds digit of -423*(-4 - (52/(-6) + 5))?
1
Let x(k) = 3*k**3 + 4*k**2 - 4*k - 15. What is the units digit of x(5)?
0
Let k = 23 + 4. Let r = k - 24. Suppose -3*b + b = 5*i - 61, 0 = -r*b - 2*i + 97. What is the units digit of b?
3
What is the thousands digit of (366/(-24) - -6)*-488?
4
Suppose 72*u - 79*u = 2499. Let l = -134 - u. What is the units digit of l?
3
Suppose -6*x + 8*x - v = 1303, 3*v = -5*x + 3285. What is the tens digit of x?
5
Let o be 7/2*64/112. Suppose 3*t - o*j - 111 = 0, -3*t + 63 = -3*j - 45. What is the tens digit of t?
3
Suppose -412*g - 8906 = -414*g. What is the units digit of g?
3
Let q(k) be the second derivative of -k**3/6 + k**2/2 - k. Suppose 2*c + 3*c = i - 26, 0 = -5*c - 3*i - 22. What is the units digit of q(c)?
6
Let o(i) = i + 10. Let y be o(-4). Let t(m) = 6*m + 31. What is the tens digit of t(y)?
6
Let v(d) be the third derivative of d**6/30 + d**4/24 - d**3/6 - 4*d**2. Let s be v(1). Suppose s*x = 5*x - 6. What is the units digit of x?
6
Suppose -989 = 4*r - 3437. What is the units digit of r?
2
What is the thousands digit of (-34715)/(-9) + (-16)/72?
3
What is the thousands digit of 202*(-15)/(-20)*(-11 + 35)?
3
Suppose -50*u + 161360 = -10*u. What is the thousands digit of u?
4
Suppose -33*y + 94584 = 23*y. What is the hundreds digit of y?
6
Let a = -97 - -53. What is the units digit of 2/(-15) - (-22)/(-60)*a?
6
Let u be (2/2 - -5)/((-42)/(-15939)). Suppose 12*n = u + 75. What is the hundreds digit of n?
1
Let c be (45/12 + -4)*0. Suppose 0 = 3*f - 8*f + 195. Suppose c = -5*w + f + 76. What is the units digit of w?
3
Let z(f) = 6*f + 3*f - 7*f - 6 + 22*f**2. What is the hundreds digit of z(-3)?
1
Let k = -3897 + 5779. What is the units digit of k?
2
Let w be (21/(-42))/(1/(-58)). Suppose -w = -2*c + 47. What is the tens digit of c?
3
Let q(y) = -107*y**3 - 4 + 116*y**3 + 2*y**2 + 5 - 2*y. Suppose -3 = -6*t + 3*t. What is the units digit of q(t)?
0
Let w be 5 - 1/(3 + -2). Suppose -1888 = 5*i + 4*s, 0 = -i - s - w*s - 365. What is the units digit of i/(-14) - (-3)/(-21)?
7
Let q = 203 + -122. Suppose 0 = -84*c + q*c + 780. What is the units digit of c?
0
Suppose 0 = 4*r - 2*r + h - 43, 0 = 4*r + h - 83. Let s = -6 + 4. Let i = r - s. What is the tens digit of i?
2
Let i be 2 + (5 + -7 - 5/(-1)). Let s = -135 - -247. Suppose m + 2*m + s = 5*k, i*k = -5*m + 80. What is the units digit of k?
0
Suppose 211*m = 208*m + 8766. What is the thousands digit of m?
2
Let q(y) = -2*y**2 - 109*y - 271. What is the hundreds digit of q(-45)?
5
Suppose -3*y + 5*l = -37 - 33, 0 = y - 3*l - 18. Suppose -2*v + 5*o - 2*o = -22, 4*v = 5*o + 40. Let a = y - v. What is the units digit of a?
5
Let p(t) be the third derivative of t**5/60 + t**4/8 - 13*t**3/6 + 241*t**2. Let u be (-1 - (0 + -1)) + -7. What is the tens digit of p(u)?
1
Let k be (-125)/(-5) + 16/(-16). Suppose 4*p + 66 - 6 = 0. Let s = p + k. What is the units digit of s?
9
Let c be (4/3)/(6/27). Suppose 0 = 3*v - 4*o + 104, 0 = 3*o + c + 6. What is the units digit of 103/5 + (-16)/v?
1
Suppose -h = 0, 5*h - 12 = -2*b + 2*h. Suppose b*v = -v + 945. What is the units digit of v?
5
Let l(k) = -k**2 + 22*k - 59. Let p be l(19). What is the tens digit of p/((-8)/156) - -2?
4
Let b(g) = -1. Let n(l) = -l**2 - l + 6. Let p(k) = -4*b(k) + n(k). Let a be p(-6). Let c = a + 37. What is the tens digit of c?
1
Let q(j) = j**2 - 2*j + 3. Let c be q(0). Suppose -c*f + 24 = -f. Suppose -4*h + 24 = t + 5, f = 4*h. What is the units digit of t?
7
Let j(l) = -42*l - 164. What is the units digit of j(-6)?
8
Let j = -257 + 271. Suppose -3*f + 55 = -53. Let c = f - j. What is the units digit of c?
2
Suppose -2*n + 3455 = -3*y - 1181, 2*y = 0. What is the thousands digit of n?
2
Suppose 5*d + 12 = -d. Let u(r) = 29*r**2 - 7*r - 1. What is the units digit of u(d)?
9
Let y = -173 - -594. What is the units digit of y?
1
Let p(x) = 2*x**3 - 3*x**2 + 2*x - 2. Let f = 21 - 19. What is the units digit of p(f)?
6
Let t(d) = 8*d**2 - 15*d + 14. Let f(s) = s - 6. Let j be f(13). What is the hundreds digit of t(j)?
3
Let q = -43 + 35. What is the units digit of -4 - (q + -4) - 2?
6
Let g(r) = r**2 + r + 1. Let c = 16 + -15. Let k(y) = -y**2 - 3*y + 21. Let z(q) = c*k(q) + 2*g(q). What is the tens digit of z(0)?
2
Let o(l) = -31*l**3 + 10*l**2 - l - 13. What is the hundreds digit of o(-3)?
9
Let w = -15 - -19. Suppose 4*g - 216 = -w*b - 44, -4*g + 5*b = -217. What is the tens digit of g?
4
Suppose -5*j + 15*c - 17*c + 1280 = 0, c + 1295 = 5*j. What is the tens digit of j?
5
Suppose 2*v - 5*j = -23 - 0, 21 = -4*v + 5*j. Let t(x) = 65*x - 2. What is the tens digit of t(v)?
6
Let u(t) = t. Let s be u(0). Let p = 46 - s. What is the tens digit of p?
4
Let a = 653 - 109. What is the tens digit of a?
4
Suppose 4*b = 4*z - 76, 5*z = -b - 10 + 99. Suppose 0 = 2*o - 132 - z. What is the units digit of o?
5
Let n(a) = -4*a**2 + 15*a - 1. Let g(d) = d**2 - 5*d. Let q(u) = -8*g(u) - 3*n(u). Wh